 prime factors of d.
3, 7, 137
Suppose 3*y - 5*q - 12813 = 0, 2*y + 13*q - 11*q = 8574. What are the prime factors of y?
3, 1427
Let l be 5/((-45)/(-423))*1. Suppose l*w - 257 = 44*w - 5*t, -2*w + 4*t = -164. What are the prime factors of w?
2, 3, 7
Suppose 5*l - 11495 = -k, 0 = -5*k - 5*l - 4725 + 62220. What are the prime factors of k?
2, 5, 23
Suppose -5*b - m = -1099, 3*b + 181 - 818 = 5*m. Suppose 0 = v + v - 698. Let o = v - b. List the prime factors of o.
2, 5, 13
Suppose -30 = 3*f + 2*f + 5*k, 5*k + 10 = 0. List the prime factors of (-2122)/(f/((-24)/30) + -7).
1061
Let x = -8323 - -19295. List the prime factors of x.
2, 13, 211
Suppose 0 = -27*c + 16*c - 2695. What are the prime factors of 40/(-12)*(c + -1 + 0)?
2, 5, 41
Suppose 485157 + 454701 = -119*r + 150*r. What are the prime factors of r?
2, 3, 31, 163
Let d = -849 - -488. Let s = d - -712. What are the prime factors of s?
3, 13
Suppose 31 = 2*a + 19. Suppose -2*n - 2904 = -a*n. What are the prime factors of n?
2, 3, 11
Let j be 2/(4/61)*2. Suppose 4 = g, 2*q - j = -q - g. Let i = q - -57. List the prime factors of i.
2, 19
Suppose 7*q = 65 - 86. What are the prime factors of (-11818)/(-57) - (-4)/q?
2, 103
Let m(k) = -k**3 - 22*k**2 - 7*k + 7. Let d be m(-4). Let y = -241 - d. List the prime factors of y.
2, 3
What are the prime factors of 12040/3*(-114)/(-95) + 10?
2, 19, 127
Let d(n) be the third derivative of -5*n**4/8 + 5*n**3/6 - 3*n**2 + 3*n. What are the prime factors of d(-15)?
2, 5, 23
Suppose 0 = 131*p - 122751 - 479980. List the prime factors of p.
43, 107
Let d(g) = g**2 - 17*g + 42. Let y be d(14). Suppose 357 = 3*v - 4*i, y = v - 4*v + i + 348. Let w = 302 - v. List the prime factors of w.
11, 17
Let k = 7825 + -6733. What are the prime factors of k?
2, 3, 7, 13
Let d(j) = -j**2 - j + 32. Let m be d(10). Let y = 156 + m. Let g = -29 + y. What are the prime factors of g?
7
Suppose 0 = -r + 2*n - 4, -n - 10 = -9. Let x(z) = -145*z - 81. What are the prime factors of x(r)?
3, 263
Let z be 6*(2 - (-1)/((-6)/10)). Suppose 25 = -0*h + 3*h + 2*i, 52 = 4*h - z*i. Let r(j) = j**2 - 8*j + 45. List the prime factors of r(h).
2, 3, 13
Suppose -4*l = 4*i - 116724, -58354 = -2*l + 271*i - 272*i. What are the prime factors of l?
29173
Let w = 2682 + -1429. List the prime factors of w.
7, 179
Suppose 168 = 6*l - 24. List the prime factors of (-4)/l - (26765/8)/(-5).
3, 223
Suppose 96*o - 2*q = 100*o - 54936, -5*q - 13701 = -o. What are the prime factors of o?
3, 23, 199
Let m(o) = -5*o**2 - 3*o. Let y be m(-1). Let j(n) = 2*n**2 + 6*n + 7. Let i be j(y). What are the prime factors of 3/9 - 188/(-3) - i?
2, 3, 5
Let y be -515 - (3/(-3) - (-3 + 0)). Let l = y - -1303. What are the prime factors of l?
2, 3, 131
Suppose 31 = 3*i + 1. Suppose -8*q = -i*q + 254. What are the prime factors of q?
127
Let z = -513 + 519. Let r(c) = 23*c - 20. List the prime factors of r(z).
2, 59
Suppose 0 = 4*g + 8 - 124. Suppose 3*b + 9 = 0, 0*f + b - g = 2*f. List the prime factors of (f/(-4) + -5)*-109.
109
Suppose 6*q - 993 = -3*y + 3*q, 5*q = -y + 323. Let u = y - -3. What are the prime factors of u?
2, 3, 7
Let f(t) = t**3 + 3*t**2 - 3*t. Let y be f(-4). Let c be (1/2 + 2/y)*-1. Suppose b - 4*m + 104 = 2*b, c = -3*b + 2*m + 298. What are the prime factors of b?
2, 5
Suppose -5*y + v = 3*v - 166, 3 = v. Let q = 29 - y. What are the prime factors of (6/6)/(q/(-351))?
3, 13
What are the prime factors of (-3 - -3) + (119/(-2))/(44/(-3520))?
2, 5, 7, 17
Let j = 1083 + -1091. Let o(l) = 20*l - 15. Let h(k) = -20*k + 16. Let i(f) = -2*h(f) - 3*o(f). List the prime factors of i(j).
173
Let p(k) = -k**2 + 16*k + 15. Let s be p(17). List the prime factors of 2/(12/1014) + s.
167
Let q = 118039 + -71159. List the prime factors of q.
2, 5, 293
Let j(l) = 31*l**2 + 8*l - 22. Let q(r) = -158*r**2 - 39*r + 109. Let o(y) = 11*j(y) + 2*q(y). What are the prime factors of o(4)?
2, 13
Suppose -1025 = -4*c + 943. Let x = c - 312. List the prime factors of x.
2, 3, 5
Suppose 5*o = 8*o - 15. Suppose 4*d + 98 = -2*m + 762, 2*m - 691 = o*d. List the prime factors of m.
2, 13
Suppose 4*d - 2*n - 3 = 3*n, n + 3 = 2*d. Let m(t) = 2*t**2 - 6*t + 2*t**2 + 14*t**d - 22 + 24. List the prime factors of m(2).
2, 31
Suppose -69582*g + 177300 = -69576*g. What are the prime factors of g?
2, 3, 5, 197
Let f = 12 + 7. Let o = 96 + f. List the prime factors of o.
5, 23
Let j(m) be the first derivative of -m**4/2 - 32*m**3 - 8*m**2 + 64*m - 42. List the prime factors of j(-48).
2, 13
Let g(c) = 3*c - 25. Let d(u) = -15*u - 5. Let o be d(-4). Let l = 79 - o. List the prime factors of g(l).
47
Suppose -6*d - 3 = -123. Suppose d*y - 17*y = -510. Let i = y - -349. List the prime factors of i.
179
Let k(r) = -2*r**2 + 38*r - 9. Let f be (-330)/(-21) + 14/49. List the prime factors of k(f).
3, 29
Let i = 103 + -88. Suppose -b - 9 = u + 2*b, 3*b = -5*u + i. List the prime factors of (22/8)/(u/72).
3, 11
Suppose 5*c - 234095 = -5*m, -134656 = -4*c - 5*m + 52624. What are the prime factors of c?
3, 5, 3121
Let r(z) = 16*z - 7. Let u(t) = -t**2 + 4. Let s be u(-3). Let o = s + 11. What are the prime factors of r(o)?
89
Let x(n) = -59*n**3 - 6*n**2 - 8*n - 1. Suppose 1 = -6*b - 11. List the prime factors of x(b).
463
Let p = -1485 + 10402. What are the prime factors of p?
37, 241
Suppose 147055 + 203666 = 19*x - 0*x. What are the prime factors of x?
3, 7, 293
Let y(m) = 12*m - 140. Let w be y(16). Suppose w = 2*d - 1264. List the prime factors of d.
2, 7, 47
Suppose -9 = -a - 0*a + b, 5*a - 2*b - 30 = 0. Let z(s) = a*s - s + 11*s + 4*s + 5. What are the prime factors of z(6)?
113
Suppose 25 = 5*g + 325. Suppose y - 110 = 4*p, -7*y + p - 474 = -11*y. Let l = g + y. What are the prime factors of l?
2, 29
Let s be (3/(-4))/(9/(-24) + 0). List the prime factors of (17/(-51))/(s/(-5736)).
2, 239
Let z be 581 + (-18)/(-9 - -3). Suppose -3*t - 2295 = -2*u, -5*t + z = -2*u + 2889. What are the prime factors of u?
2, 3, 5, 19
Let a(t) = -12*t + 1. Suppose 3*j = -3*z - 87, -6*j - 147 = 5*z - 2*j. Let k = z - -23. What are the prime factors of a(k)?
97
Suppose 2*p = -6 + 26. Suppose x - p = -6. List the prime factors of 126 + (x*-3)/4.
3, 41
Let g(o) = o**2 + 11*o - 36. Let u be g(-15). Let x = 23 - u. What are the prime factors of ((-6)/10)/(x/20)?
2, 3
Suppose 5*h = -0*u + u + 19930, -4*h = -4*u - 15960. Suppose -159*a + 154*a + h = 0. What are the prime factors of a?
797
Let m = 51561 - 34440. List the prime factors of m.
3, 13, 439
Let b(a) = 27*a - 29. Suppose -3*q + 7 = n - 4*q, -2*q - 19 = -3*n. List the prime factors of b(n).
2, 53
Let p(v) = -26*v**2 + 4*v - 33. Let h(w) = 12*w**2 - 3*w + 17. Let o(b) = -10*h(b) - 6*p(b). What are the prime factors of o(-6)?
2, 7, 23
Suppose 5*n = -3*l + 261331, 132564 = 5*n + 4*l - 128759. What are the prime factors of n?
167, 313
Let s(z) = -786*z - 604. What are the prime factors of s(-5)?
2, 1663
Let i be 38/(-19)*3/2 + 421. Let p = i + -253. List the prime factors of p.
3, 5, 11
Let d(m) = 36*m**2 + 563*m - 681. List the prime factors of d(37).
2, 149, 233
Let b be 136 - 2 - 12/3. Suppose w - 235 = -3*w + 3*t, b = 2*w - 4*t. What are the prime factors of (w/15 - 4)*-141?
47
Let g be 6 + (-11)/((-55)/(-4380)). List the prime factors of (1 + 1 + -5)*g/10.
3, 29
Suppose -4*g - 6*y + 3*y + 2647 = 0, -2*g - 4*y + 1316 = 0. Let m = g - 288. List the prime factors of m.
2, 47
Suppose 5212 - 1810 = 9*c. Suppose -n - 2*n = -3*l + c, l - 3*n = 136. Let r = l - 78. What are the prime factors of r?
43
Let s(y) = -114*y + 3*y**2 + 111*y - 21 + 3*y**2. What are the prime factors of s(-7)?
2, 3, 7
Let b(h) = -540*h - 1198. What are the prime factors of b(-17)?
2, 13, 307
Let b = -106 + 121. Suppose -w - 542 = -3*d, -2*w + 5*w + b = 0. List the prime factors of d.
179
List the prime factors of ((-85368)/40)/((12/(-15))/4).
3, 3557
Let r = -35 - -49. Let c be (0 + 2)/(r/(-147)). List the prime factors of (5/((-70)/c))/(2/44).
3, 11
List the prime factors of 20096 + 21 + -23 + 0/(-1 - 0).
2, 3, 17, 197
Suppose -139*a + 10270 = -10163. What are the prime factors of a?
3, 7
Let a be ((-2)/4)/((-19)/(-114)) - -571. Let d = a + -174. What are the prime factors of d?
2, 197
Suppose n + 1345 = 5*l, 0*n + 5*n = -25. Let y = 739 - l